ne y(-1).
7
Let x(y) be the first derivative of y**6/360 + y**4/24 - y**3/3 + 3. Let p(d) be the third derivative of x(d). What is p(-1)?
2
Let i(s) = 4*s**2 + 3 + s**3 - 5*s - 4*s + 11*s. What is i(-3)?
6
Let k(q) = 4*q**2 + 2*q**2 - 3*q - 5*q**2 + 9 - 4*q. Determine k(6).
3
Suppose 5*r - 3 - 2 = 0. Suppose 5*j - j - 12 = 0. Let l(m) = 3*m**3 + 5*m**j + 1 + 7*m**2 - 2*m - 7*m**2. What is l(r)?
7
Let z(o) be the third derivative of o**5/60 + o**4/8 - o**3/2 + 20*o**2. What is z(2)?
7
Suppose -p = 3*p - 5*b + 17, 0 = -2*p + 3*b - 11. Suppose 0 = -4*q - 2 + 10. Let x(o) = -o**q - 4 + 2*o**2 + 2. What is x(p)?
2
Let l(c) = -c**2 - 2*c + 5. Let h(f) = f - 1. Let x be h(-7). Let j(o) = o**2 + 10*o + 12. Let w be j(x). What is l(w)?
-3
Let o(j) = -j**3 + 191*j - 65*j + 3*j**2 + 3 - 66*j - 61*j. Give o(3).
0
Let l(i) = 2*i + 1. Suppose k + 0 + 2 = 0. Determine l(k).
-3
Let a(z) = z**3 + 4*z**2 - z + 1. Let v(f) = -5*f - 2 - f**2 - 6*f + 3*f. Let w be v(-8). Determine a(w).
11
Let q(w) = w**2 - 7*w + 3. Suppose -a = -t + 2*t + 12, -2*a = -5*t - 4. Let j be (-8)/(-32) + (-38)/a. Give q(j).
-7
Let y = -1 + 1. Suppose -p = -y - 1. Let a(z) = p + 5*z + z**2 - 3 + 6. Determine a(-4).
0
Let b(h) = -11*h**2 - 10*h - 12. Let f(k) = -5*k**2 - 5*k - 6. Let c(a) = 4*b(a) - 9*f(a). Calculate c(-5).
6
Let m be (-6)/(-4) + (-21)/(-2). Suppose 5*w + m = 8*w. Suppose -w*v = 4*i + 20, -2 = 4*v - 4*i - 14. Let t(q) = -2*q**3 - q. Determine t(v).
3
Let z(f) = f**3 - 8*f**2 + 7*f + 2. Let j be 148/20 - (-4)/(-10). Determine z(j).
2
Let r(k) = 19*k + 1. Let c(g) = g**2 - 5*g + 5. Let j be c(4). What is r(j)?
20
Suppose 0*j + 24 = 3*j. Let n = 16 - 12. Suppose n*t + j = g, -20 = 2*g + t + 3*t. Let f(b) = b - 5. What is f(g)?
-9
Let g(s) = -s**2 - 6*s - 9. Let j(f) = -f**2 - 5*f - 9. Let q(w) = -4*g(w) + 3*j(w). What is q(-7)?
-5
Let q(u) = -u**3 + 8*u - 11*u**2 - 5 + 3*u**2 + 2*u**3. Give q(7).
2
Let a(d) = 6*d**2 - 6*d + 1. Let b(n) = -5*n**2 + 5*n - 1. Let c(q) = 3*a(q) + 4*b(q). Calculate c(1).
-1
Let s = 49 - 35. Let i be 46/s + (-2)/7. Let m(t) = 3*t - t**3 - t + i*t**2 + 3 + 0*t**2. Determine m(4).
-5
Let i(w) be the first derivative of -w**4/4 - 2*w**3 - 5*w**2/2 + 1. What is i(-4)?
-12
Suppose 118 = 4*l - 42. Let q(o) = 9*o. Let x(a) = -a. Let r(y) = l*x(y) + 5*q(y). What is r(-1)?
-5
Suppose -2*x + 0*z - z = -15, 2*x = 2*z. Suppose -3 = 3*h - 4*s, -5*h - x*s = -2*s + 5. Let n(f) = 2*f**2 + f + 1. Calculate n(h).
2
Let u(b) = -b**2 + 8*b - 8. Suppose -5*i + 5*j + 31 = 3*j, 4*i - 32 = -2*j. Give u(i).
-1
Let k(t) = -t**3 + t**2 - t + 3. Let a(i) = -i**2. Let p be a(0). Calculate k(p).
3
Let z(f) = -f**2 + 9*f + 5. Let w be z(9). Suppose -w*c + 1 = 11. Let n(i) = 0*i**3 + 3 - i**2 - 4 - i - i**3. Give n(c).
5
Let t(p) = -p**3 + 6*p**2 - 6*p - 2. Let n(d) be the third derivative of -d**6/120 - d**5/10 - 7*d**4/24 - 5*d**3/6 + 7*d**2. Let a be n(-5). Give t(a).
-7
Let z(j) be the second derivative of j**3/2 + 6*j. Give z(-1).
-3
Suppose 2*y = -3*x - 23, -5*x - 32 = 2*y + 1. Let h(b) = -5*b - 4. Determine h(x).
21
Suppose 5 = -5*k + 25. Let x(q) = -q**3 + 5*q**2 + q. What is x(k)?
20
Let p(d) = -d**3 + 2*d**2 + d. Suppose 3*g + 0*u + 4*u - 17 = 0, -15 = -3*g - 3*u. Calculate p(g).
-6
Let h be 102/(-14) - 14/(-49). Let v = 10 + h. Let o(t) = -t + 6. Determine o(v).
3
Let b be 1/(-2)*(-3 + 7). Let o = b + 0. Let p(c) = 2*c**2 + 2*c - 1. Let j(f) = -3*f**2 - 3*f + 2. Let k(n) = 4*j(n) + 7*p(n). Calculate k(o).
5
Let o = 6 + -8. Let z(v) be the third derivative of -v**6/60 - v**5/20 - v**4/24 - v**3/3 + v**2. Determine z(o).
4
Let x(j) = 0*j - 9*j + 2*j**3 - 3*j**3 + 14*j - 7 - 4*j**2. What is x(-5)?
-7
Suppose -1 - 3 = -s. Let b(k) = 5 - 3 - s + k**2. Give b(-2).
2
Let t(i) be the first derivative of 2*i + 2*i**3 + 1/4*i**4 + 8 + 7/2*i**2. Give t(-5).
-8
Let n be (-2 - -1) + 1 + 0. Suppose n = -0*y - y. Suppose y*g = -5*g + 5. Let i(u) = -u**3 - u. Give i(g).
-2
Let y(j) = 1. Let t(c) = c + 10. Let l(h) = -t(h) + 5*y(h). Let f(o) = o + 6. Let p be f(3). Suppose 2*b - 5*q = -9 - p, -q = -4*b - 18. Determine l(b).
-1
Suppose j + 4*o - 3 = o, 4*j = -4*o + 20. Suppose 0 - j = v. Let u(x) = x**3 + 6*x**2 + x + 4. Determine u(v).
-2
Let x(s) be the first derivative of s**4/4 + 2*s**3 - s**2/2 + s + 4. Let k(j) = -j + 1. Let d(z) = 5*k(z) - x(z). Determine d(-5).
-1
Let w(m) = m. Let y(n) = 3*n + 1. Let b(p) = -10*w(p) + 2*y(p). Let l be -4*1/(-2 + 0). What is b(l)?
-6
Let q(v) = -2*v + 2. Let w(y) = -4*y. Let f be w(-1). Suppose -k + f*o = -1 - 1, -4*k = -5*o - 8. Give q(k).
-2
Let d(q) be the second derivative of q**3/6 + q**2/2 + 3*q. What is d(2)?
3
Let h(t) = 88*t - 1 + 0 - 90*t. Calculate h(-4).
7
Let d(c) = 5*c - 9. Let j(b) = 14*b - 26. Let w = 121 - 178. Let a = -40 - w. Let u(h) = a*d(h) - 6*j(h). Give u(-5).
-2
Let x(c) = -c**2 - 3. Let d = 3 - 2. Suppose -d = 3*y - 7. Suppose 2*t = 2*v + 2, 0*v - 2*t + y = 4*v. Calculate x(v).
-3
Let z(v) = 0 - 4 + v**3 - 2*v**2 + 1 + 2*v. Suppose -4*j + 5*j - 2 = 0. Calculate z(j).
1
Let h(r) = -r**3 - r**2 + r - 7. Suppose 6*n = 3*n. Give h(n).
-7
Let m(z) = -3*z**2 - 2*z**2 + 3*z**2 - 4*z**2. What is m(-1)?
-6
Let c(n) = -2*n + 9. Let h(z) = 4*z - 18. Let a be 2*(-2 + (2 - -2)). Let d(v) = a*h(v) + 9*c(v). What is d(6)?
-3
Let f(q) = -3*q**3 + q**2 + 2*q + 1. Suppose 3*o - 24 = o. Let j be o/(-10) + (-3)/(-15). Determine f(j).
3
Let z(l) = 6*l**2 - 1. Let n be z(-1). Let x(v) = -5*v - v + 4*v - 4 + 11. Give x(n).
-3
Let b(n) = n**3 + 5*n**2 - n + 2. Let i = 11 - 8. Suppose 0 = 4*v - i + 23. What is b(v)?
7
Let v(f) = -3*f. Let w = 1 + 9. Let i be (-4)/w + 51/15. Suppose -c + 2 = -2*z + 1, -13 = 2*z + i*c. What is v(z)?
6
Let b(i) = i**2 - 10*i + 3. Let u be b(10). Suppose s = -d - d + 7, 3*s - 15 = -4*d. Let k(p) = 2 + p + s + p. Give k(u).
9
Let w(z) = -5*z**3 - 6*z**2 + 4*z - 4. Let n(t) = -9*t**3 - 12*t**2 + 7*t - 7. Let q(u) = -4*n(u) + 7*w(u). Determine q(-6).
0
Let y(d) = -5*d - 14. Let v(h) = -h. Let z(p) = 6*v(p) - y(p). Calculate z(0).
14
Let l(p) = 4*p - 1. Let g be ((-3)/4)/(2/(-24)). Suppose 3*m = 4*f - 2, 4*m + 4*f - g = 7. Suppose -2 = m*i, -n - 3*i = -2*i - 1. Calculate l(n).
7
Let i(x) be the third derivative of x**6/120 - x**5/15 + x**4/8 - 2*x**3/3 - 42*x**2. Let q = 6 - 3. Determine i(q).
-4
Let u(o) be the third derivative of o**6/120 - o**5/30 - o**4/6 - o**3/6 + 23*o**2. Give u(3).
-4
Let u(o) be the third derivative of -o**6/120 - o**5/15 - o**4/12 - o**3/2 - 9*o**2. Give u(-3).
-6
Let o(p) = 7*p**2 + p - 1. Let y be o(1). Let w = -8 + y. Let u(b) = 0*b + 1 - 10*b - 2. Give u(w).
9
Let t(q) = -3 + 4*q + 2*q**2 - 3*q**2 - 3*q - 5*q. Give t(-2).
1
Let j(u) be the third derivative of -u**4/24 - 5*u**3/3 + 40*u**2. What is j(-6)?
-4
Let i(f) = 1 - 5*f**2 - 3*f**3 + 4*f**3 - f - 5*f. Calculate i(6).
1
Let j(x) = -5*x - 15 + 6*x + 3*x + x**2 + 10. Let v be (-4 - 0)*(-5)/(-4). Give j(v).
0
Let s(j) = -j**3 + 4*j**2 + 6*j + 5. Let n be 6 + (-4)/2 - -1. Suppose 10 = c - 5*o, -30 = -0*c - n*c + 5*o. Calculate s(c).
10
Suppose -3*l - 13 - 2 = 0, 5*l + 21 = -n. Let s(b) = b - b + n*b - 6*b. Let t be s(-1). Let z(a) = a**2 - 1. Calculate z(t).
3
Let i(j) = -j**3 + j**2 + 6. Suppose -3*c - 1 = 2*h + 1, 3 = -4*c - 3*h. Suppose c = -2*v + 7*v. What is i(v)?
6
Let t(s) be the second derivative of s**3 - 1/6*s**4 - s + 0 - 1/2*s**2 - 1/60*s**5. Let w(x) be the first derivative of t(x). Calculate w(-5).
1
Let z(a) be the first derivative of -a**4/4 + 4*a**3/3 - 2*a**2 + 3*a + 8. Let h be z(3). Let p(g) = -g**3 - g**2 + g - 4. Determine p(h).
-4
Suppose -3*g + 6 + 3 = 0. Suppose p - 26 = -2*m - g*p, 3*p - 9 = 2*m. Let a(b) = -b**3 + 3*b**2 - 2*b - 4. Calculate a(m).
-10
Let r(v) = -25*v + 22 - 19 + 19*v - v**2. Let p = 2 - 8. Calculate r(p).
3
Suppose 2*o = -5*z - 25, 0 = -2*o - z - z - 10. Let g(p) be the second derivative of -1/6*p**3 + 1/12*p**4 + 0 - 7/2*p**2 - 2*p - 1/20*p**5. Give g(o).
-7
Let u(v) = -v**2 - 6*v - 2. Let o be u(-5). Let c(q) = 3*q**3 + 2*q**2 - 2*q**o + 0*q**3 + 3*q**2 - 2 - q. Give c(-5).
3
Let k be (-18)/4 - (3 + 25/(-10)). Let o(j) = -j**3 - 5*j**2 - 2. Calculate o(k).
-2
Let d(n) be the third derivative of 1/6*n**3 - 1/60*n**5 + 0*n - 2*n**2 + 0 - 1/8*n**4. What is d(-2)?
3
Suppose 0 = -5*v + v + 